{"id":30865,"date":"2013-09-25T13:48:49","date_gmt":"2013-09-25T17:48:49","guid":{"rendered":"https:\/\/bejsment.com\/?page_id=30865"},"modified":"2013-09-25T13:48:49","modified_gmt":"2013-09-25T17:48:49","slug":"zaloz-bloga","status":"publish","type":"page","link":"https:\/\/bejsment.com\/index.php\/zaloz-bloga\/","title":{"rendered":"Za\u0142\u00f3\u017c bloga"},"content":{"rendered":"<p>[contact-form-7 id=&#8221;30864&#8243; title=&#8221;Za\u0142\u00f3\u017c bloga&#8221;]<\/p>\n","protected":false},"excerpt":{"rendered":"<p>[contact-form-7 id=&#8221;30864&#8243; title=&#8221;Za\u0142\u00f3\u017c bloga&#8221;]<\/p>\n","protected":false},"author":2,"featured_media":0,"parent":0,"menu_order":0,"comment_status":"open","ping_status":"open","template":"","meta":{"footnotes":""},"class_list":["post-30865","page","type-page","status-publish","hentry"],"_links":{"self":[{"href":"https:\/\/bejsment.com\/index.php\/wp-json\/wp\/v2\/pages\/30865","targetHints":{"allow":["GET"]}}],"collection":[{"href":"https:\/\/bejsment.com\/index.php\/wp-json\/wp\/v2\/pages"}],"about":[{"href":"https:\/\/bejsment.com\/index.php\/wp-json\/wp\/v2\/types\/page"}],"author":[{"embeddable":true,"href":"https:\/\/bejsment.com\/index.php\/wp-json\/wp\/v2\/users\/2"}],"replies":[{"embeddable":true,"href":"https:\/\/bejsment.com\/index.php\/wp-json\/wp\/v2\/comments?post=30865"}],"version-history":[{"count":1,"href":"https:\/\/bejsment.com\/index.php\/wp-json\/wp\/v2\/pages\/30865\/revisions"}],"predecessor-version":[{"id":30866,"href":"https:\/\/bejsment.com\/index.php\/wp-json\/wp\/v2\/pages\/30865\/revisions\/30866"}],"wp:attachment":[{"href":"https:\/\/bejsment.com\/index.php\/wp-json\/wp\/v2\/media?parent=30865"}],"curies":[{"name":"wp","href":"https:\/\/api.w.org\/{rel}","templated":true}]}}