{"id":45209,"date":"2014-07-10T12:43:31","date_gmt":"2014-07-10T16:43:31","guid":{"rendered":"https:\/\/bejsment.com\/?page_id=45209"},"modified":"2014-07-10T14:38:49","modified_gmt":"2014-07-10T18:38:49","slug":"thank-you-for-subscribing-to-newsletter","status":"publish","type":"page","link":"https:\/\/bejsment.com\/index.php\/thank-you-for-subscribing-to-newsletter\/","title":{"rendered":"Thank you for subscribing to newsletter"},"content":{"rendered":"<p><strong>Dzi\u0119kujemy, \u017ce chcesz otrzymywa\u0107 informacje e-mailem z Bejsment.com z najwa\u017cniejszymi lokalnymi informacjami.<\/strong><\/p>\n<p><a href=\"http:\/\/www.bejsment.com\">Przejd\u017a do strony g\u0142\u00f3wnej <strong>www.bejsment.com<\/strong><\/a><\/p>\n","protected":false},"excerpt":{"rendered":"<p>Dzi\u0119kujemy, \u017ce chcesz otrzymywa\u0107 informacje e-mailem z Bejsment.com z najwa\u017cniejszymi lokalnymi informacjami. Przejd\u017a do strony g\u0142\u00f3wnej www.bejsment.com<\/p>\n","protected":false},"author":2,"featured_media":0,"parent":0,"menu_order":0,"comment_status":"open","ping_status":"open","template":"","meta":{"footnotes":""},"class_list":["post-45209","page","type-page","status-publish","hentry"],"_links":{"self":[{"href":"https:\/\/bejsment.com\/index.php\/wp-json\/wp\/v2\/pages\/45209","targetHints":{"allow":["GET"]}}],"collection":[{"href":"https:\/\/bejsment.com\/index.php\/wp-json\/wp\/v2\/pages"}],"about":[{"href":"https:\/\/bejsment.com\/index.php\/wp-json\/wp\/v2\/types\/page"}],"author":[{"embeddable":true,"href":"https:\/\/bejsment.com\/index.php\/wp-json\/wp\/v2\/users\/2"}],"replies":[{"embeddable":true,"href":"https:\/\/bejsment.com\/index.php\/wp-json\/wp\/v2\/comments?post=45209"}],"version-history":[{"count":5,"href":"https:\/\/bejsment.com\/index.php\/wp-json\/wp\/v2\/pages\/45209\/revisions"}],"predecessor-version":[{"id":45214,"href":"https:\/\/bejsment.com\/index.php\/wp-json\/wp\/v2\/pages\/45209\/revisions\/45214"}],"wp:attachment":[{"href":"https:\/\/bejsment.com\/index.php\/wp-json\/wp\/v2\/media?parent=45209"}],"curies":[{"name":"wp","href":"https:\/\/api.w.org\/{rel}","templated":true}]}}